base 13, what is -15298 + 149?
-1514c
In base 12, what is 257a93 - -1?
257a94
In base 7, what is -13401 - -32?
-13336
In base 3, what is 0 + 11011122102?
11011122102
In base 8, what is -37741 - -70?
-37651
In base 9, what is 17 + -16115?
-16087
In base 12, what is -14 - 30a?
-322
In base 11, what is -4 - 1413a?
-14143
In base 16, what is -13 + -175?
-188
In base 2, what is -110000 - -1001010111?
1000100111
In base 14, what is b9 + 17?
d2
In base 9, what is 2284 + 830?
3224
In base 11, what is 0 - -2a527a?
2a527a
In base 11, what is -339 + 76?
-273
In base 4, what is -1213 - 2131?
-10010
In base 7, what is 115 + 34?
152
In base 13, what is 1 + 6225?
6226
In base 16, what is 85ba8 + -4?
85ba4
In base 6, what is 241054 - -354?
241452
In base 9, what is 738 + 321?
1160
In base 13, what is -148c - -336?
-1156
In base 16, what is -1b70 - -3?
-1b6d
In base 3, what is -200212122021 + 10?
-200212122011
In base 5, what is -21201003 + -3?
-21201011
In base 14, what is 67dc7 - -1?
67dc8
In base 2, what is -100010110010110101 - -1110?
-100010110010100111
In base 3, what is -12100020 + 1120?
-12021200
In base 10, what is -5 + -4535?
-4540
In base 8, what is 25 - -21106?
21133
In base 5, what is 0 + -241111?
-241111
In base 4, what is 2 - -330213122?
330213130
In base 16, what is 92 + -6f?
23
In base 4, what is -323 - -102232?
101303
In base 13, what is -1603 - -3?
-1600
In base 10, what is 15 + 592?
607
In base 13, what is c40 + -7?
c36
In base 12, what is -75a - 570?
-110a
In base 13, what is -10663 + 3?
-10660
In base 9, what is -5 + -23288?
-23304
In base 16, what is -b + 169a?
168f
In base 14, what is -7c91 + -5?
-7c96
In base 14, what is 5463b + 2?
5463d
In base 10, what is 244 - -29?
273
In base 7, what is 456251 + -1?
456250
In base 6, what is 212113 - -5?
212122
In base 5, what is -1 - -430032?
430031
In base 6, what is 3401 + 135?
3540
In base 13, what is 7c8 + -1c6?
602
In base 4, what is -131201213 + 1?
-131201212
In base 7, what is -2 + -235406?
-235411
In base 5, what is 3244000 - 4?
3243441
In base 5, what is 14 + -3023?
-3004
In base 9, what is -86 + -200?
-286
In base 5, what is -1042 - -32044?
31002
In base 2, what is -1100 - -111000010001?
111000000101
In base 12, what is -3 + -226a7?
-226aa
In base 13, what is -2 + 94b7?
94b5
In base 14, what is -91d0 - -23?
-91ab
In base 8, what is -1 - -10366?
10365
In base 11, what is 37142 - 6?
37137
In base 14, what is -2972 + -1?
-2973
In base 11, what is -23 - -18406?
18393
In base 15, what is -975 - -b?
-969
In base 4, what is -23321001 + 0?
-23321001
In base 6, what is -2425 + 10053?
3224
In base 16, what is -df - -40?
-9f
In base 12, what is b + -45b15?
-45b06
In base 11, what is -1550718 - -1?
-1550717
In base 11, what is -2274 - -15?
-225a
In base 12, what is -1ab - 1021?
-1210
In base 12, what is -47 - 38?
-83
In base 14, what is 712d0 - 4?
712ca
In base 6, what is -33111000 + -3?
-33111003
In base 8, what is 0 + 247572?
247572
In base 4, what is -11002223 - 13?
-11002302
In base 11, what is -17 - -79?
62
In base 4, what is 10320 - -102002?
112322
In base 12, what is -25827ba + 5?
-25827b5
In base 16, what is -e40b + 5?
-e406
In base 11, what is -13503 + 8?
-134a6
In base 6, what is 41 - -44140?
44221
In base 8, what is -12154 - -1?
-12153
In base 10, what is 9403554 + 1?
9403555
In base 9, what is 2 - -13037?
13040
In base 12, what is 11 + -4bb6a?
-4bb59
In base 6, what is -304345 - 4?
-304353
In base 9, what is -21561 + 76?
-21474
In base 7, what is -310 + 150?
-130
In base 2, what is -11100011111111 + -10?
-11100100000001
In base 10, what is 134 - 404?
-270
In base 10, what is -113 - 70?
-183
In base 6, what is -1 - -4433242?
4433241
In base 13, what is 18 + 44b6?
4501
In base 3, what is 202202 - 21101?
111101
In base 9, what is -3 + -218287?
-218301
In base 12, what is -3 + -77b98?
-77b9b
In base 13, what is -2 - 40b0?
-40b2
In base 3, what is 21 - -12120221211?
12120222002
In base 4, what is 11 + 110111132?
110111203
In base 15, what is -9868 + -a6?
-991e
In base 9, what is -320 + -127?
-447
In base 10, what is 480565 - 3?
480562
In base 3, what is -11 - 101001101212?
-101001102000
In base 9, what is 214 + 1462?
1676
In base 7, what is 1 - 60443?
-60442
In base 6, what is -32 - -210?
134
In base 14, what is -10 + 124b?
123b
In base 12, what is -4b - -1008?
b79
In base 15, what is 5d + b?
69
In base 11, what is 15 - -10781?
10796
In base 16, what is 5 + d6ed?
d6f2
In base 8, what is -1743 + 462?
-1261
In base 7, what is 5 - 2216655?
-2216650
In base 10, what is 7046 + 21?
7067
In base 13, what is 33556 + -1?
33555
In base 15, what is 3 - -13756?
13759
In base 15, what is -5 - -26cd?
26c8
In base 7, what is -4 + -152364?
-152401
In base 14, what is -9 - -a80?
a75
In base 9, what is 1 - -33711?
33712
In base 9, what is -43864 - -52?
-43812
In base 15, what is -d021a + -2?
-d021c
In base 14, what is -5c0a + 6?
-5c04
In base 4, what is -1201010030 + 11?
-1201010013
In base 2, what is -1010000010 - 110001001?
-10000001011
In base 12, what is 312 + 328?
63a
In base 14, what is -39 - 3d98?
-3dd3
In base 10, what is 592 + 104?
696
In base 13, what is -8 - 4576?
-4581
In base 7, what is 1 + 453000?
453001
In base 11, what is -16a827 + 4?
-16a823
In base 5, what is 12 - -23041044?
23041111
In base 11, what is 7 + 600?
607
In base 4, what is 33100 - 22?
33012
In base 10, what is -39 - 340?
-379
In base 9, what is 171 + -2412?
-2231
In base 8, what is 240 - -16203?
16443
In base 15, what is -1 - 56d58?
-56d59
In base 13, what is -2104a3 - 3?
-2104a6
In base 12, what is -513 + -75?
-588
In base 5, what is 1 + -3212002?
-3212001
In base 3, what is 22102212200 + 1?
22102212201
In base 3, what is -202 - -1000212?
1000010
In base 7, what is -4 - 2534035?
-2534042
In base 5, what is -3143 - 10244?
-13442
In base 11, what is 148 - 60?
98
In base 6, what is -515512 + 21?
-515451
In base 11, what is 1 - -628131?
628132
In base 2, what is -1001011110 + -1001011001101?
-1010100101011
In base 7, what is 2 + -3003023?
-3003021
In base 7, what is -1 + 255210?
255206
In base 14, what is d5 - 103?
-c
In base 6, what is -1334 + 32012?
30234
In base 9, what is -81837 - -4?
-81833
In base 8, what is -245 + 266?
21
In base 8, what is -4 + 5074106?
5074102
In base 10, what is 1 - -136431?
136432
In base 6, what is -33002433 + 0?
-33002433
In base 6, what is -4 - -4251023?
4251015
In base 3, what is -2010101012 + -21?
-2010101110
In base 14, what is -1 + -2795?
-2796
In base 14, what is -2 - -58c82?
58c80
In base 3, what is 101 - 11201100?
-11200222
In base 3, what is -10202022 + 210120?
-2221202
In base 11, what is 28 - 17627?
-175aa
In base 13, what is 829 + -3?
826
In base 11, what is -47938 + -4?
-47941
In base 15, what is -b54 - -4?
-b50
In base 15, what is -4 - -6730?
672b
In base 13, what is 1987 + -12?
1975
In base 4, what is 12 + 30301?
30313
In base 12, what is -1 - 12076?
-12077
In base 8, what is 15 + 205673?
205710
In base 8, what is -72 - 3260?
-3352
In base 3, what is 2002020010220 + 2?
2002020010222
In base 8, what is -30 + -2333?
-2363
In base 16, what is -1 - -169676?
169675
In base 16, what is 3 + -7b4a9?
-7b4a6
In base 7, what is -116 - -44115?
43666
In base 13, what is -392 - -98?
-2c7
In base 8, what is 700754 - 5?
700747
In base 14, what is -a + -dda6?
-ddb2
In base 5, what is 21 + 2204?
2230
In base 13, what is 0 - -12bac?
12bac
In base 6, what is 30 + 1133?
1203
In base 6, what is -2411 - 21?
-2432
In base 10, what is -141 - 13?
-154
In base 13, what is 7cc4 + -3?
7cc1
In base 7, what is 4 + 316065?
316102
In base 2, what is -10011001000 - -101?
-10011000011
In base 7, what is 50261 - 136?
50122
In base 15, what is 22297 - 0?
22297
In base 6, what is 304 - -5?
313
In base 6, what is -23514 - -24?
-23450
In base 11, what is -2 - 426083?
-426085
In base 12, what is 35851 - -a?
3585b
In base 12, what is -1732 - 0?
-1732
In base 14, what is -115ad + -22?
-115d1
In base 4, what is 233 + 11023030?
11023323
In base 16, what is -c0b - -22?
-be9
In base 9, what is -6000 - 72?
-6072
In base 5, what is 3 - 10024243?
-10024240
In base 4, what is 132 - 3313333?
-3313201
In base 8, what is 104 - 4?
100
In base 16, what is -207 + cdc?
ad5
In base 10, what is 223900 + -3?
223897
In base 10, what is -44415 + 